{"id":17,"date":"2018-01-24T02:40:11","date_gmt":"2018-01-24T01:40:11","guid":{"rendered":"http:\/\/skyttarna.azurewebsites.net\/?page_id=17"},"modified":"2018-02-22T00:50:55","modified_gmt":"2018-02-21T23:50:55","slug":"om-oss","status":"publish","type":"page","link":"http:\/\/skyttarna.se\/index.php\/om-oss\/","title":{"rendered":"F\u00f6reningshistoria"},"content":{"rendered":"<p><em>Den 11 sept 1864 besl\u00f6ts att hundskattemedlen som skarpskyttecorps enligt beslut redan den 18 jan 1864 av Norrb\u00e4rke Komunaln\u00e4mnd fick uppb\u00e4ra f\u00f6r sin verksamhet skulle g\u00e5 till skarpskyttecorps b\u00e4sta enligt dess styrelses beslut. Uppgifter om n\u00e4r skarpskyttecorps upph\u00f6rde i Smedjebacken finns ej<\/em>.<br \/>\n<strong>Text av Einar Andersson 10 aug 1976<\/strong><\/p>\n<p><em>Smedjebackens Skyttef\u00f6rening grundades den 5 oktober 1901 av Korpralen J.A. Werre fr\u00e5n Kolviken.<\/em><\/p>\n","protected":false},"excerpt":{"rendered":"<p>Den 11 sept 1864 besl\u00f6ts att hundskattemedlen som skarpskyttecorps enligt beslut redan den 18 jan 1864 av Norrb\u00e4rke Komunaln\u00e4mnd fick uppb\u00e4ra f\u00f6r sin verksamhet skulle g\u00e5 till skarpskyttecorps b\u00e4sta enligt dess styrelses beslut. Uppgifter om n\u00e4r skarpskyttecorps upph\u00f6rde i Smedjebacken finns ej. Text av Einar Andersson 10 aug 1976 Smedjebackens Skyttef\u00f6rening grundades den 5 oktober &hellip; <\/p>\n<p class=\"link-more\"><a href=\"http:\/\/skyttarna.se\/index.php\/om-oss\/\" class=\"more-link\">Forts\u00e4tt l\u00e4sa<span class=\"screen-reader-text\"> \u201dF\u00f6reningshistoria\u201d<\/span><\/a><\/p>\n","protected":false},"author":4,"featured_media":39,"parent":0,"menu_order":0,"comment_status":"closed","ping_status":"closed","template":"","meta":{"footnotes":""},"class_list":["post-17","page","type-page","status-publish","has-post-thumbnail","hentry"],"_links":{"self":[{"href":"http:\/\/skyttarna.se\/index.php\/wp-json\/wp\/v2\/pages\/17","targetHints":{"allow":["GET"]}}],"collection":[{"href":"http:\/\/skyttarna.se\/index.php\/wp-json\/wp\/v2\/pages"}],"about":[{"href":"http:\/\/skyttarna.se\/index.php\/wp-json\/wp\/v2\/types\/page"}],"author":[{"embeddable":true,"href":"http:\/\/skyttarna.se\/index.php\/wp-json\/wp\/v2\/users\/4"}],"replies":[{"embeddable":true,"href":"http:\/\/skyttarna.se\/index.php\/wp-json\/wp\/v2\/comments?post=17"}],"version-history":[{"count":7,"href":"http:\/\/skyttarna.se\/index.php\/wp-json\/wp\/v2\/pages\/17\/revisions"}],"predecessor-version":[{"id":60,"href":"http:\/\/skyttarna.se\/index.php\/wp-json\/wp\/v2\/pages\/17\/revisions\/60"}],"wp:featuredmedia":[{"embeddable":true,"href":"http:\/\/skyttarna.se\/index.php\/wp-json\/wp\/v2\/media\/39"}],"wp:attachment":[{"href":"http:\/\/skyttarna.se\/index.php\/wp-json\/wp\/v2\/media?parent=17"}],"curies":[{"name":"wp","href":"https:\/\/api.w.org\/{rel}","templated":true}]}}